uppose -41*g = -8872 + 1205. Is g a prime number?
False
Let i be (16/6)/((-6)/(-531)). Suppose -19 = -3*n - 7. Suppose -n*f = -i + 24. Is f a prime number?
True
Let c(j) = 121*j + 12. Let f(q) = -243*q - 25. Let i(v) = 9*c(v) + 4*f(v). Suppose 5*r = -u + 4*u, 4*u = -2*r + 26. Is i(r) composite?
False
Suppose 6 = y + 2*y. Suppose -y*c + w + 491 = 0, 2*c + 2*w - 994 = -2*c. Is c a composite number?
True
Let n(j) = -8*j**3 - j**2 - j - 2. Let o be n(-3). Suppose -2 = -2*h + 8. Suppose -h*g + 127 = -o. Is g prime?
True
Let q = -586 - -2205. Is q a composite number?
False
Let o = 3977 - -2270. Is o composite?
False
Suppose 4*o = 3*o + 2*n + 57, 5*n + 51 = o. Let k = o - -13. Is k a prime number?
False
Is -46786*4/(-5) + (-284)/(-1420) composite?
True
Let g(j) = 274*j**2 - 19*j - 2. Is g(7) a composite number?
False
Let f(h) = -2*h**2 - 3. Let m be f(2). Is 2/m - 9965/(-55) prime?
True
Let q(o) = 93*o**3 - 3*o**2 + 3*o - 3. Let j be q(3). Let l = -1429 + j. Is l a prime number?
True
Suppose 0 = -2*q - 3*q + 1640. Suppose -o - 48 = -q. Is (-1)/3 - o/(-12) a composite number?
False
Let m be 3/5 - 34/(-10). Suppose m*y + 4*i = 2080, -5*y + i + 1619 = -987. Is y a composite number?
False
Suppose 3814 = 2*n - 4580. Is n a prime number?
False
Suppose 2857 = 3*y - 4*k, 5*y - 2*k - 1906 = 3*y. Is y prime?
False
Is ((-1076)/10)/(-3 - 42/(-15)) composite?
True
Let k = -4827 - -6885. Suppose 1851 = 3*w - k. Is w a composite number?
False
Is ((-4)/(-8)*3*-46654)/(-3) composite?
False
Let r = -36030 - -61625. Is r prime?
False
Let x be (0 + 5/(-5))*-5. Suppose 4*g = -5*n + 585, -3*g - x*n - 285 = -5*g. Is g composite?
True
Let k(l) be the first derivative of -143*l**2 + 19*l - 1. Is k(-4) prime?
True
Suppose 0*z - 5*z = 0. Suppose s - 3 - 55 = z. Suppose -5*w - 5*u = -105, u = -2*w - 12 + s. Is w composite?
True
Let h be 4*2*(-6)/(-16). Suppose 2748 + 175 = 3*o - 5*b, -2*b = h*o - 2909. Is o prime?
True
Let o be (1 - 0) + -12 + 1. Let p be (-1 - o)*(-642)/(-18). Suppose c - k + p = 2*c, 656 = 2*c - 5*k. Is c composite?
True
Let b be (-24)/(-28) - (-704)/77. Let s(v) be the third derivative of 29*v**4/12 - v**3/6 + v**2. Is s(b) a prime number?
False
Let s = 503 + -37. Is s prime?
False
Suppose 2*l = q + 708, 0*q + 1785 = 5*l + 5*q. Is l a composite number?
True
Suppose 3*c + 4*t + 6 = 0, -2*c - 4*t = -c + 10. Is c - (-2 - -1 - 40/10) prime?
True
Let o = -37 - -20. Let h = 82 + o. Is h a composite number?
True
Suppose -4*n + 2*y + 26238 = 0, 2*n + 1249 = -3*y + 14364. Is n composite?
True
Is (108/81)/((-4)/(-21363)) a composite number?
False
Let r = 70915 + -44160. Is r a composite number?
True
Let x(a) be the third derivative of -a**4/12 - a**3/6 - a**2. Let q be x(2). Is (-174)/(-8) - q/20 prime?
False
Let n(x) = -4169*x - 496. Is n(-7) a composite number?
False
Let g be 9/(-6)*4/(-2). Suppose g*r + 623 = 10*r. Is r prime?
True
Let u(b) = -3*b**3 - 2*b**2 + 3*b + 2. Let q be u(-2). Let p be 32168/(-32) - (-3)/q. Let t = 1718 + p. Is t prime?
False
Let r be -4 - (-11 - 3/(-3)). Suppose -y - h = -r - 1, -5*y + h + 29 = 0. Suppose -y*o + o = 5, 4*i = 2*o + 390. Is i composite?
False
Let w(v) = 7*v**3 - 18*v**2 + 1. Is w(14) a composite number?
True
Suppose 20652 = 8*m - 2*m. Is m composite?
True
Suppose -5*d - 4*s - 3572 = 0, 3*d - 3*s = -0*d - 2127. Let f = 1303 + d. Is f composite?
True
Suppose s = 3*c + 10, 5*s + 2*c + 3*c = -10. Is ((-5676)/(-4) - s)*2/4 a composite number?
False
Let t = 48 - 51. Is 77 + -3 + -4 + t a prime number?
True
Let u be 65/7 - 2/7. Let h = u + -9. Suppose c + 4*y = -h*y + 63, 3*c + y - 233 = 0. Is c composite?
False
Let j = 337 + 5302. Is j composite?
False
Let r(k) = -k. Let y(a) = 168*a - 24. Let n(i) = -5*r(i) - y(i). Is n(-7) a prime number?
False
Let q be 2 + -2*2/4. Let i(l) = l**3 - l**2 + 1. Let d(c) = c**3 - c**2 + 1. Let h(a) = q*i(a) - 2*d(a). Is h(-4) a prime number?
True
Suppose -n + 2*n - 4 = 0. Suppose 31 = 4*x + 3*h - 5, 2*h = 5*x - 22. Suppose -4712 = -4*v + 2*y, -x*v + v - n*y = -5877. Is v composite?
True
Let c = -927 - -1866. Is c a prime number?
False
Suppose 3*o = 4*g + 5669, -4*g = -5*o - 3*g + 9420. Is o prime?
False
Let l(d) = 5111*d**2 - 80*d - 10. Is l(-3) composite?
False
Let g(n) be the second derivative of -719*n**3/6 + n**2/2 - 34*n. Is g(-2) prime?
True
Let g(h) = 84*h**2 + 4*h - 5. Is g(-8) composite?
True
Suppose 4*v = -5*x + 18881, -4*x = -3*v - 458 + 14580. Is v a prime number?
False
Let v(r) = 3*r - 24*r - 7*r - 34*r - 2. Is v(-2) composite?
True
Suppose -4 = -4*d - 0. Let w be (11 + d)*(-1)/(-3). Suppose 2*k - 2*r - 250 = 0, 3 = w*r - 5. Is k prime?
True
Let m = -5135 - -8272. Is m a composite number?
False
Suppose 3 = 3*o - 9. Suppose o*d - 24 = 2*h, -4*d + h + 0*h = -20. Suppose -2*r - 186 = -d*r. Is r prime?
False
Is (1662528/(-9))/(-7) + 1/(-3) prime?
False
Let p = -366 + 47. Let j be (1856/20)/((-1)/(-5)). Let d = j + p. Is d a composite number?
True
Suppose -5*f + 6 + 14 = 0. Suppose -2*k + 3*b = -232, 2*b - 474 = -f*k + 3*b. Is k prime?
False
Suppose -5*t + 0 = -25. Suppose -26 = -3*a + t*x, 0*x - 2 = -x. Is 8361/12 + 3/a a composite number?
True
Let z be (-4)/28 - (-58)/14. Suppose -y = -4*y - 3*o + 114, z*o = -4. Is y prime?
False
Let i = 29028 + -3295. Is i a prime number?
True
Let b(i) be the first derivative of i**4/4 + 14*i**3/3 - 5*i**2/2 - 9*i + 9. Is b(-11) a composite number?
False
Let s(h) = -54*h - 8. Let o(b) = -b**2 - b - 11. Let v be o(0). Is s(v) a prime number?
False
Suppose -44109 = -3*c - 3*u - 8196, -3*u = c - 11975. Is c a composite number?
False
Is (-8287509)/(-837) - 4/9*1 composite?
False
Let b = -82 + 41. Let p = b + 126. Is p prime?
False
Let y(l) = -l**3 - 13*l**2 - 11*l + 12. Let t be y(-12). Suppose t = o - 2155 + 100. Suppose -6*r + o = -r. Is r a composite number?
True
Suppose 0 = y, -n + 2*y - 4 = y. Is 3 + n/3*2*-33 a prime number?
False
Suppose 5*f - 152 - 1348 = 0. Let z = -431 + f. Let i = 30 - z. Is i a prime number?
False
Suppose -169608 = -21*t - 3*t. Is t prime?
False
Suppose 7*s - 4*s - 64205 = -5*z, 0 = z + 3*s - 12841. Is z a prime number?
True
Suppose 311*p - 292*p - 155059 = 0. Is p prime?
True
Let s = -3442 + 2387. Is (-11)/((1 + 4)/s) a prime number?
False
Let m(a) = -a**3 + 48*a**2 - 28*a - 230. Is m(39) a prime number?
False
Suppose 3*q - 2 = 2*u - 3, 0 = 2*u - 10. Let l be (-221 + 0)*(-1 + -2). Suppose l = 3*b - 3*f, -q*b - 4*f + 677 = -0*b. Is b a prime number?
True
Is 2582*(0 - -1) + -1 + -2 a composite number?
False
Is -2*(-7 + (-18927)/6) prime?
True
Suppose -5*m + 71282 = 9097. Is m composite?
False
Suppose -3*q + 21523 = -43418. Is q a composite number?
False
Suppose 5*i - 18853 = 2*p + 31550, -2*i - 2*p + 20150 = 0. Is i a composite number?
False
Suppose -4*w - 9 = -5*w. Let p be 3/w + (-3)/9. Suppose p*d + 4*d - 56 = 0. Is d a composite number?
True
Suppose -78 + 13 = 13*z. Suppose -j = -2*j + 1. Is z/(-2*j/38) a prime number?
False
Let v(d) be the second derivative of -d**5/20 - 3*d**4/4 - 17*d**3/6 + 5*d**2 - 26*d. Is v(-13) composite?
False
Let y(m) be the first derivative of m**4/4 + 2*m**3 - 2*m**2 + 8*m - 10. Is y(5) a prime number?
True
Is 33156/6 - (-5 + -2) a prime number?
False
Let q(p) = -p**3 + 11*p**2 + 5*p - 6. Suppose -f = -5 - 4. Let t be q(f). Suppose -2*k = k - t. Is k prime?
True
Let o(x) = 5*x**2 + 13*x + 12. Let h be o(-6). Suppose 5*c - u - 160 = 0, 2*c + 2*u - h = -2*c. Is c a composite number?
False
Suppose -n + 2 = -7. Suppose 0 = n*k + 118 - 1261. Is k a composite number?
False
Let f = -9 + 9. Let y be f/(-3) - -2*1. Is (y/4)/((-9)/(-414)) composite?
False
Is (1/1*-1682)/(-1 - 1) prime?
False
Suppose 592*b = 600*b - 48056. Is b composite?
False
Let o(y) = 2*y**2 + 24*y + 47. Is o(-35) a composite number?
False
Let w(i) = -15 + 436*i + 31*i + 5 - 6. Is w(3) a composite number?
True
Suppose -1396 = 5*v + 3*i, 2*i = 3*v + 108 + 722. Is ((-40)/16)/(1/v) composite?
True
Let q be (12 - 0) + (9 - 13). Let r(u) = u**2 - 9*u + 11. Let a be r(q). Suppose -3*i + 10 = -8*i, a*i = 3*m - 363. Is m prime?
False
Suppose 26*m + 9924 = 424130. Is m a prime number?
False
Let w be (-1)/3*(-18)/1. Let q be (3 - (-693)/w)*2. Suppose 6*h + 15 - q = 0. Is h prime?
True
Suppose -4*o + 15 = 3*n, 4*o - 27 + 7 = -4*n. Let m(x) = x